60. Let q be c(-28). Let s(d) = 2*d**2 - 15*d - 5. What is s(q)?
3
Let a(s) be the first derivative of -s**2/2 - 2*s - 272. What is a(8)?
-10
Let m(d) be the first derivative of -d**3/3 - 5*d**2/2 - d + 95. Determine m(-4).
3
Suppose d + 0*d - 5*d = 0. Let b(x) be the first derivative of x**3/3 - x + 1. Calculate b(d).
-1
Suppose f - 4*s + 20 = 0, 4*f + 0*f + 2*s - 10 = 0. Suppose -3 = 3*w - 5*j, f = -5*w - j - 32 - 1. Let k(m) = m**3 + 5*m**2 - 6*m - 6. Determine k(w).
-6
Let d(o) = -441*o**3 + 145*o**3 + 5*o**2 + 144*o**3 + 5 - 5*o + 151*o**3 - 1. What is d(4)?
0
Let t(w) = w**2 - 18*w - 84. Let l be t(22). Let c(q) = q**3 - 3*q**2 - 4. Determine c(l).
12
Let r be (9/6)/(6/(-8)). Let a(d) = -125*d**2 + 34*d**2 + 32*d**2 - d + 26*d**2 + 32*d**2. Calculate a(r).
-2
Let w(l) be the second derivative of 3*l**4/4 - l**3/6 + l. Let z be (-8)/(-18) + 140/252. Determine w(z).
8
Let f(p) be the third derivative of -p**6/120 + 2*p**5/15 - p**4/12 + 11*p**3/6 + 110*p**2 - 2. What is f(8)?
-5
Let u(x) be the third derivative of -x**6/30 + x**5/60 - x**3/6 - 5*x**2. Calculate u(1).
-4
Let q(p) = -14*p**2 + p + 15. Let z(s) = -5*s**2 + 5. Let b(d) = -d**3 + 3*d**2 + 4. Let v be b(3). Let h(n) = v*q(n) - 11*z(n). Calculate h(6).
-7
Let x(w) be the second derivative of w**8/6720 + w**7/840 + w**6/360 + w**5/20 - 31*w**4/12 - 37*w. Let j(i) be the third derivative of x(i). What is j(-4)?
-18
Let k be 1*(-4 + 5) + -5. Let x(b) = -b**2 - 3*b - 3. Give x(k).
-7
Let n(c) = -c**2 + 4*c + 4. Let q be n(3). Suppose h - 6*h + 15 = 0. Let g(j) = -h + j - j + q*j. Give g(2).
11
Let n(d) = d**2 - 3*d + 4*d + 25 - 27. Calculate n(-3).
4
Let g(y) = -14*y**2 - 15*y + 10. Let z(c) = 40*c**2 + 44*c - 28. Let x(p) = 17*g(p) + 6*z(p). What is x(-7)?
37
Let k(i) be the third derivative of i**5/60 - i**4/4 + 5*i**3/3 - 37*i**2 + 2*i. Let j be (-4)/10 - 74/(-10). Determine k(j).
17
Let p(l) = l - 4. Suppose 0*r - 5*r + u + 52 = 0, r - u - 12 = 0. Let d = 102 - 54. Let v be (d/(-80))/(2/r). What is p(v)?
-7
Let z = -33 - -33. Suppose 3*v + 3*t + 5 - 20 = z, 0 = -4*t. Let l(r) = -2*r + 5. Give l(v).
-5
Let b(i) = -5*i - 13. Let w(z) = 14*z + 38. Let p(j) = 11*b(j) + 4*w(j). Let h = -287 + 287. Determine p(h).
9
Let z(o) = o**3 + 8*o**2 + 2*o + 10. Suppose 75 = 5*a + 5*t, 2*a - 23 = 4*t + 13. Suppose -8*i = -10*i - a. Give z(i).
-6
Let t(d) be the first derivative of d**4 + 5*d**3/3 - d**2/2 + 10. Let n(u) = 0*u + 1 + u - 10*u**2 - 7*u**3 + u. Let l(c) = 3*n(c) + 5*t(c). What is l(-5)?
-2
Let a = -38 + 77. Suppose 0 = 5*l + a - 14. Let j(b) = b**3 + 5*b**2 + 3*b - 3. Give j(l).
-18
Let n(c) = -c - 55. Let w(u) = u - 10. Let i(k) = -n(k) + 3*w(k). Determine i(-5).
5
Let f(l) be the second derivative of l**3/6 - 3*l**2/2 + 126*l. What is f(-4)?
-7
Let j(k) be the first derivative of -k**2 - 6*k + 3. Let p = -324 + 319. Calculate j(p).
4
Let t(m) be the second derivative of m**4/12 - 4*m**3/3 + 2*m + 6. Calculate t(6).
-12
Let f(u) = 6*u**2 - 10*u - 21. Let l(z) = 12*z**2 - 19*z - 39. Let x(r) = -11*f(r) + 6*l(r). What is x(-2)?
29
Let v(i) = -i**3 + 16*i**2 - 28*i + 12. Let s be v(14). Suppose -2 = 2*w - s. Let h(x) = x**2 - 3*x - 6. Calculate h(w).
4
Let v(b) be the second derivative of b**8/6720 + b**7/360 + b**6/120 + 11*b**4/12 + 4*b. Let w(q) be the third derivative of v(q). Give w(-6).
0
Let h(b) be the third derivative of -1/8*b**4 + 2/3*b**3 + 0 + 0*b - b**2. Let n = 333 - 329. Calculate h(n).
-8
Suppose 3*a - 23 = 2*v, 2*a - 5*a + 20 = v. Let i(j) = -j**3 + 6*j**2 + 6*j + 5. What is i(a)?
-2
Let a(q) be the third derivative of -7*q**2 + 1/12*q**4 + 0 - 1/30*q**5 + 1/40*q**6 - 1/6*q**3 + 0*q. Determine a(1).
2
Let n(g) = 3*g**2 + 4*g + 4. Let o be n(-3). Suppose o = 2*u + 5. Suppose u = -2*j + j. Let a(p) = p + 6. Determine a(j).
-1
Let k(n) = -n**2 + 7*n + 3. Let o(y) = 12*y**2 + 26 - 6*y**3 + 4*y**3 - 19. Let v be o(6). Determine k(v).
3
Let p(s) = 4*s**2 - s**3 + 4154*s - 4165*s - 18*s**2 + 22. Give p(-13).
-4
Let y(r) = -r**3 - r**2 - 1. Let v(i) = 0 + i**3 + 23*i - 23*i - 1. Let k(b) = -2*v(b) - y(b). What is k(0)?
3
Let a(r) be the third derivative of 1/12*r**4 + 0*r - 5*r**2 + 7/6*r**3 + 0. Calculate a(-5).
-3
Let k(m) = -4*m - 11. Let q(g) = 5*g + 12. Let y be (-4)/(-14) + (-111)/21. Let o be (16/(80/3))/(1/(-10)). Let b(z) = o*k(z) + y*q(z). What is b(5)?
1
Let m(s) = s**3 - 3*s**2 - 2*s. Let i be m(3). Let h(j) = -j**2 - 6*j. What is h(i)?
0
Let v(z) = -z**2 - 6*z - 6. Let a(f) = -4*f + 2. Let n be a(2). Let y be v(n). Let j(u) = 14 + 4*u**2 + 5*u - 22 - 3*u**2. Determine j(y).
-2
Let a(f) = -9*f + f**2 + 11*f + 2 - 2*f**2. Let u be (3 - 5)*(-1)/2. Suppose -3 = -q + u. Give a(q).
-6
Let q(u) be the first derivative of -2*u**2 - 4*u - 53. Calculate q(3).
-16
Let l be (-2)/(-8) + 10/(-8). Let w(u) be the third derivative of u**6/60 + u**5/60 - u**3/6 + u**2. Calculate w(l).
-2
Let n(m) = -2*m**2 + 5*m - 3. Let r be (9 + -3 - 3) + 7. Let c(a) = -5 + r*a - a**2 - 3 + 2*a + 0*a**2. Let t be c(11). Give n(t).
-6
Let i(t) be the first derivative of t**2/2 + 186. Let n = 9 + -5. Calculate i(n).
4
Let a(m) = -6*m. Let y(i) = i + 25. Let j be y(-22). Suppose -1 = -2*n - j*n - c, 0 = 3*c + 12. What is a(n)?
-6
Let j(b) = 15*b + b**3 + 4*b**2 + 7*b**2 - 3*b**2 + 9*b**2 - 12. Determine j(-16).
4
Let u(g) be the third derivative of g**6/720 + g**5/24 + 7*g**4/6 - 4*g**2. Let d(q) be the second derivative of u(q). Give d(-3).
2
Let f = 173 + -174. Let x(l) = -l - 1. Let q(g) = g + 3. Let a(w) = q(w) + 3*x(w). What is a(f)?
2
Let s(p) = -2*p - p**2 - 6*p**2 + 6*p**2. Let b = -20 + 23. Suppose b*i = -k - 6 - 7, -4*k - 28 = 4*i. What is s(k)?
-8
Suppose 4*i + 11 = 8*i + a, -4*i = -3*a - 15. Let m(b) = -4 - i*b + 10*b + 3 - 7 + b**2. What is m(-6)?
-14
Let u(y) = y**2 - 7*y + 2. Let g = -935 - -940. What is u(g)?
-8
Let n(k) = k**2 + 4*k - 2. Suppose 0*p = 5*p. Let j(r) = r**3 + r**2 + 2. Let q be j(p). Let t be (8 - 7)/(q/(-10)). Calculate n(t).
3
Let w = -21 + 85/4. Let h(m) be the third derivative of -w*m**4 + 0*m - 10*m**2 - 1/12*m**5 + 0 + 1/120*m**6 - m**3. Calculate h(6).
-6
Let s(h) = -2*h + 3. Let i be s(0). Let p(c) = -7*c**2 + 4*c**3 - 5*c - 2*c**3 - c**i - 2*c**3. Give p(-6).
-6
Let a(x) = 3*x**3 + x**2 + x. Suppose -30*i + 35*i = -25, 2*z - 3*i = 13. Determine a(z).
-3
Let n = 162 + -157. Let y(a) = a**2 - 6*a + 3. Determine y(n).
-2
Suppose 2*i = 2*k + 12, i - 5*k - 14 = 8. Let o(z) be the first derivative of z - 3*z**3 - 5 - 1/2*z**i. Calculate o(1).
-9
Let s(f) be the second derivative of -f**4/12 - 7*f**3/6 - 4*f**2 + 3*f. Suppose -3*z - 5*c - 36 = 0, -z = -3*c + 5 - 7. Determine s(z).
-8
Let a(x) be the first derivative of -2*x**3/3 - 5*x**2/2 + 4*x + 5. Suppose -12 = -2*h + 4. Suppose k + h - 4 = 0. Determine a(k).
-8
Let r(j) be the second derivative of 7*j**3/3 - 11*j**2/2 - j + 273. Calculate r(5).
59
Let v(y) = -2*y + 20. Let w be v(8). Suppose w*p + 2*k = 8, -5*k - 8 = -18. Let j(m) = -7*m**3 + m**2. Give j(p).
-6
Let p(r) = 2*r**2 + 4*r - 4. Let l = -4 - 1. Give p(l).
26
Let y be (-2)/(-4) + 4/8. Suppose -c - y = 3. Let i(j) be the first derivative of -j**4/4 - 4*j**3/3 - j**2/2 - 2*j - 29. Determine i(c).
2
Let a = -31 + 30. Let j(p) = 6*p + p - p. Give j(a).
-6
Let a(x) = -11*x - 1. Let o be 5*(319/55 + -5). Calculate a(o).
-45
Let v(y) be the third derivative of -y**4/24 - y**3/2 - 628*y**2. Calculate v(2).
-5
Suppose 4 = -2*o - 2*t, 4*t = 5*o + 5 - 40. Let v(g) = 3*g**3 - 3*g**3 + 10*g**o - 1 - 4*g**2 + 5*g**2. Calculate v(1).
10
Let v(q) = 5*q - 2*q - 5*q**2 - q**3 + 3*q - 2*q - 5. What is v(-6)?
7
Let h(z) be the first derivative of -z**4/4 + 4*z**3/3 + 3*z**2/2 - 3*z - 1. Suppose -2*x + 1 = q - 2, 14 = x - 2*q. Let a = x + 0. What is h(a)?
9
Let m(y) = 11*y**3 - 6*y**2 + 5*y - 5. Let a(b) = b**3 - b**2 + b - 1. Let r = 14 + -20. Let t be (-4)/1 + 6/r. Let j(l) = t*a(l) + m(l). Give j(-1).
-7
Suppose j - 1 = -a + 4*j, 3*a - 2*j = 3. Let l(q) = -4*q - 15. Let h be l(-3). Let u be (1/a)/(h/3). Let y(w) = -4*w - 1. Give y(u).
3
Let k(y) = -y**3 - 5*y**2 - y + 2. Let z(c) = 2*c**2 + 7*c - 6. Let o be z(5). Let t = -83 + o. Give k(t).
-10
Let a be (3/4)/((-6)/(-24)). Suppose -3*u + 4*m = -18, 2*u + 3*m + 1 = a*u. Suppose 5*p - p = 5*t - 34, 5*t - u = 0. 